+ -6
-11
What is the value of (5 - (17 + -4 + -22)) + 0 + 8?
22
What is (-2 - -5) + (-37 - (-22 - -18))?
-30
Evaluate (272 - 255) + -8 + 1.
10
Evaluate 7 + 6 + -8 + 8 + (-3 - 5).
5
Calculate -34 + 61 - (32 - 6).
1
(-15 - -12) + (-1 - -2) + 8
6
What is the value of -7 + (-6 - -15) + -5 - -8 - 31?
-26
Evaluate -3 + (40 - 20) + -2.
15
Calculate (9 - 10 - (-6 - -8)) + 21.
18
What is the value of 11 + (-4 - (5 + 0 + 29 + -2))?
-25
Calculate -88 + 86 + (0 - -5).
3
What is the value of (9 - (-8 + -6)) + 2 + -6 + -4?
15
What is -3 + 20 + -118 + 114?
13
Evaluate (10 - (-5 + 10)) + (-40 - -44).
9
(8 - (13 + 24)) + 15
-14
33 + (-15 - -26 - 13) + 0 + -3
28
Evaluate 13 + -3 + -12 + 9.
7
What is -5 + (10 - 2) + -2 - (3 - 2)?
0
Evaluate (-36 - -47) + (3 - (1 - -2)).
11
Evaluate -9 + (0 - (3 - 29) - -2 - 0).
19
What is the value of -1 + 6 + -6 - (0 + -6 - -14)?
-9
3 + (-6 - -13) + -7 + -6
-3
Calculate -8 + 13 + -7 + (-17 - -18).
-1
Calculate 1 - 12 - (5 + -16 - -23).
-23
13 - (15 + -6 + 1)
3
Evaluate 7 - (-111 + 106 + (8 - (1 - -1))).
6
Calculate 0 - (19 + -29 + 8).
2
What is the value of -2 + -5 + -7 + 34 + -13?
7
Evaluate 21 - (24 - (-2 - 2)).
-7
-3 - (23 + -15 + -14 + -5)
8
-17 + -11 + (-13 - (-5 + -1))
-35
(-23 - -15 - -4) + 5 + 15
16
What is (-7 + 1 - -1) + (61 - (45 - -38))?
-27
Evaluate (6 - 25 - -6) + 22.
9
Calculate -25 - (1 - (5 - -19)).
-2
What is -3 + (2 - 13) + 14?
0
-2 + 32 - (9 + 8)
13
(2 + 1 - -3) + 88 + -91 - -34
37
What is 21 - 23 - (6 - -3 - (2 + 1))?
-8
Calculate -3 + 28 + -78 + 58.
5
Calculate -2 - (5 + -2 + -1 + 5).
-9
Calculate 0 - 12 - (2 + -7 - 4).
-3
Evaluate -18 - (-18 + 14 + -4).
-10
Evaluate 4 + (-10 - (5 - 14) - -4).
7
What is the value of 1 - ((6 + -21 - -7) + -5 + -1)?
15
What is -23 + (6 - -7) + 0 + -24?
-34
What is the value of 13 - (1 - (-23 + 18))?
7
Calculate (38 + -49 - -32) + 9.
30
What is -6 + 11 + (-15 - -1) + 4 + -5?
-10
(-35 - (11 - 45)) + 6
5
Calculate (13 + -30 - -29) + -7.
5
What is 157 + -165 + (3 - -2)?
-3
What is (981 - 981) + (-1 - -1 - -6)?
6
Calculate 1 - -1 - 1 - 1.
0
What is the value of -17 - 1 - ((-10 - -1) + 329 + -329)?
-9
Calculate (-5 - -12) + -10 - (2 + -1).
-4
Calculate -8 + 24 + -1 - 12 - -4.
7
What is the value of 23 + -32 + -11 + 1 - -6?
-13
What is the value of 7 - 6 - (-5 - 10 - -7)?
9
(-1 - 1) + (-4 - 4) + (-32 - -37)
-5
What is (1 - (0 - -5)) + (-24 - -71) + -39?
4
Evaluate -10 + (13 - (-13 - -11 - -5)).
0
What is (248 - 249) + (-23 - -2)?
-22
What is (-9 - -2) + 4 - (-5 + (6 - 3))?
-1
Calculate -23 - (10 - (-12 + 17) - 0).
-28
Evaluate (-73 - -56) + 1 + 13 + (18 - 1).
14
What is -1 + 9 + -4 + 0 - (2 - 0)?
2
Evaluate 6 + -10 + (24 - 19).
1
What is 22 + (-2 - 28) + 0?
-8
Calculate 1 + -24 + (-731 - -737).
-17
Calculate (6 - -2) + (-68 - -80) + -15.
5
Evaluate (-7 - (-9 + 10) - -12) + 0 + 2.
6
What is 56 - (38 + 38) - (2 - (-1 + 10))?
-13
What is the value of 169 + -170 - ((17 - 0) + 2)?
-20
Evaluate -8 + 3 + (-6 + 3 - 0) + 1.
-7
Calculate (-1 - 4) + -29 + 39.
5
Calculate (8 + -35 - -8) + 2 + 6.
-11
Calculate -12 + -43 + 29 - -31.
5
What is the value of 35 + (1 - 5 - 5) + -1?
25
Calculate -5 - (8 - (3 - 1) - (-1 + 2)).
-10
What is the value of 16 + 11 + -16 + 2?
13
Evaluate (-1 - -3) + (-11 - (18 + -46 + 17)).
2
Evaluate 489 - 487 - (-5 + 10 - (1 - 1)).
-3
Calculate -327 + 336 - (-1 + 9) - (6 + -4).
-1
What is the value of 9 + (-2 + -2 + 9 - 9)?
5
What is the value of 9 - -7 - (7 + 1) - (-1 - 0)?
9
What is (-93 - -110) + (-1 - 20)?
-4
Calculate 5 - (15 + (-18 - -22)).
-14
What is the value of -2 + 11 + (-4 - -3) - (27 + -24)?
5
15 + (12 + -13 - 13 - 1)
0
Calculate 11 - (-3 - (-11 + 4)).
7
Evaluate 13 + -8 + -4 - 1.
0
Calculate 5 + 0 + -11 + (-13 - -32).
13
What is the value of 8 + (10 - 15) + 7 + -17?
-7
What is the value of 2 + 19 - (308 - 307)?
20
(13 - (0 + -1)) + 45 + -38 + -8
13
Evaluate 0 - (3 + -8 + 11 + 3).
-9
3 + 11 - (-7 - (-8 - -1) - -4)
10
What is the value of -17 + 17 + -28 + 28?
0
-4 - (0 + (2 - -4))
-10
19 - (87 - 63 - (1 + 10))
6
Calculate -22 - -16 - 8 - -31 - 2.
15
-1 + -3 + (17 - 5) + (-34 - -17)
-9
What is 13 - (19 + -4 + -18)?
16
Calculate (32 - 26) + -5 + -22.
-21
Calculate -23 + 15 + (-3 - -1) + -70 + 61.
-19
Evaluate (-1 - -7) + (-2 - (-11 + 9)) - -3.
9
What is the value of (10 + -16 - -20) + -28?
-14
Calculate 9 + (-9 - -17) + (-4 - -11).
24
Calculate (-3 + -6 - (-8 + 14 - 13)) + 4.
2
Evaluate -28 + (5 - 18) + 27 - -25.
11
What is 31 - ((26 + -37 - (-2 + -2)) + 10)?
28
Calculate -10 + (12 - -4) + -4.
2
-1 + (6 - -3) + 4 + -6 + 4
10
Calculate 660 - 693 - (-5 + 1 + -2 + 0).
-27
Calculate -22 + 0 + 16 - (-1 + 2) - -6.
-1
Calculate 13 + -2 - (4 - 5 - -9).
3
-10 + (6 - 3) - (-23 + 15 + -10)
11
Calculate 1 + 13 + 183 + -192.
5
What is the value of 23 + (-10 + -2 + 12 - 12)?
11
What is (0 - -12) + (-9 - (-7 - -1)) + -3?
6
What is -1 + 3 + 2 - ((51 - 19) + 9)?
-37
What is 1 - -7 - (198 + -185)?
-5
Evaluate 12 - (-1 + (18 - 13)).
8
-2 + -9 - (-12 + (-6 - 2) + 13)
-4
46 + 7 + -37 + -8 + -2
6
Calculate 6 + 18 + -11 + -6 + 9.
16
Evaluate 8 - (18 + (8 - -2)).
-20
Evaluate 24 + -30 - (-2 - (10 + 1)) - -23.
30
What is -2 + 0 + -362 + 356?
-8
What is the value of (-4 - (2 + 2)) + (20 - 4)?
8
Calculate 0 + 16 + -8 + (6 - -5) + -5.
14
What is 31 - (-24 - -105) - -37?
-13
What is the value of -5 + 10 + 19 + -14?
10
What is the value of (-40 - -24 - 2) + -4?
-22
(12 - (-1 + 8)) + 29 + -13
21
Evaluate -27 - -8 - -47 - 65.
-37
0 - 12 - (21 - (-7 + 39))
-1
What is 3 - ((-10 - -7) + -5 + 7)?
4
Evaluate 54 - (-45 + 81 + -7).
25
Calculate (1 - 4) + (32 - (28 - 14)).
15
1 - (2 - 7) - (4 + 12)
-10
What is 4 - ((3 - (-9 - -9)) + -2)?
3
Calculate 18 + (-6 - 30) - -20.
2
Calculate -13 - (-7 - (29 - 17)).
6
What is (-23 - -4 - -17) + 13?
11
What is -30 + 31 - (3 + 13 + -4 + 0)?
-11
What is the value of (-16 + 5 + 4 - -5 - 10) + -25?
-37
Calculate (6 + -4 + 0 - (0 - 9)) + 7.
18
What is (-2 - (-10 - 0) - (21 + -10)) + -10?
-13
Calculate 7 - ((3 - (3 - -2)) + 0 + 6).
3
What is 24 - 49 - (0 - 13)?
-12
Calculate (3 - (-3 - 10)) + (2 - 8 - -1).
11
Evaluate 1 - (7 + -3 + -13) - -1.
11
What is the value of -9 - 1 - (-167 - -161)?
-4
Evaluate -1 + 1 + -34 - (-42 + 14 - -19).
-25
What is the value of (45 - 69) + 30 + (20 - 2 - -2)?
26
3 + (-3 - (-2 - (-5 + 0)))
-3
9 - (7 + -8 - 3)
13
Evaluate 17 + (-38 + 54 - 32).
1
Evaluate (234 - 209) + (1 - 10).
16
-169 - -174 - ((-11 - -2) + 2)
12
What is the value of -1 + -1 - (2 + (9 - 23) + 10)?
0
-4 + -4 - (15 - 29)
6
What is -11 + 0 + 5 - -10?
4
What is 23 + -13 + -21 - -11?
0
Evaluate (0 - 12 - -12) + -5.
-5
Calculate (12 - -12) + 5 + -16 - 35.
-22
What is 7 + 2 - (8 - -2)?
-1
What is the value of -3 + 3 + 4 - 1?
3
Calculate (15 + 4 - (-7 + 5)) + -15.
6
Calculate -45 - -16 - (-5 + -3) - -1.
-20
Evaluate -21 + 3 - (-1 - 2 - (-27 - -26)).
-16
What is 1 + -2 + (45 - 10 - 18)?
16
Evaluate -25 + 5 + 24 - (2 - 3 - 6).
11
Evaluate (27 - 28) + 0 + -1.
-2
(3 - (-16 + 26)) + -1
-8
What is 1 + 11 + (1 - -2)?
15
Calculate 21 - (-1 + (5 - 3) - 5).
25
(1 - -1) + 7 + -9
0
What is the value of (3 - 10) + 7 - ((4 - 4) + -1)?
1
Evaluate 14 + -26 - (5 + 0 - 2).
-15
-5 + (246 - 261) + (20 - 0)
0
What is the value of 7 - ((2 - 2) + 8 + (5 - 14))?
8
Evaluate 37 + (3 - (62 + 3)).
-25
Evaluate (8 - 77) + 12 - (5 + -23).
-39
What is -10 + (-5 + (9 - -20) - 2)?
12
What is (3 - -2 - 1) + (-30 - -35) - 25?
-16
Evaluate 3 - (-3 + 1) - (6 - 0).
-1
Calculate 12 + (0 - 2) + 11 + -26 + 11.
6
What is -5 + (-3 - (-22 - (-9 + 4)))?
9
What is -39 + (172 - 160 - (1 + 1))?
-29
What is the value of 4 - (-6 + -9 + 28)?
-9
Evaluate -48 + (27 - -6) - 0.
-15
What is the value of -55 + (-28 - (-54 - 6))?
-23
Evaluate -8 + 11 + -2 + (-11 - -4).
-6
Evaluate 23 + (4 + -16 - 3).
8
What is 4 - (2 + -3) - 0 - -7?
12
Evaluate (10 - ((-10 - -5) + 21)) + 10 - 11.
-7
Evaluate (4 + 3 - (21 + -5)) + 5 - 5.
-9
Evaluate 20 + (-5 - (0 + -8)).
23
What is 5 - -4 - (13 - 1)?
-3
-4 + (13 - 14) + 3 + -2 + 0
-4
What is the value of (2 - 6) + (6 - 4) + -4?
-6
What is -5 + (-173 - -164 - (0 - (-8 + 2)))?
-20
What is the value of -5 + (7 - 19 - -2) + (-50 - -51)?
-14
What is the value of (5 - (4 + -2)) + (30 + -31 - 3)?
-1
Evaluate 0 + (-2 - -6 - 1) + 171 + -177.
-3
What is 30 - (16 + 13 - -12)?
-11
What is the value of -33 - ((-